{"id":336,"date":"2024-03-05T21:18:36","date_gmt":"2024-03-05T20:18:36","guid":{"rendered":"https:\/\/aktywny-poznan.pl\/?page_id=336"},"modified":"2025-02-25T19:40:35","modified_gmt":"2025-02-25T18:40:35","slug":"regulamin-zajec-3","status":"publish","type":"page","link":"https:\/\/aktywny-poznan.pl\/?page_id=336","title":{"rendered":"Regulamin zaj\u0119\u0107"},"content":{"rendered":"\n<ol class=\"wp-block-list\">\n<li>Programy realizowane s\u0105 przez Stowarzyszenie na Rzecz Promocji Kultury Fizycznej &#8222;Aktywny Pozna\u0144&#8221; w ramach Pozna\u0144skiego Bud\u017cetu Obywatelskiego 2025.<\/li>\n\n\n\n<li>Zaj\u0119cia, festyny, turnieje i warsztaty maj\u0105 charakter sportowo- rekreacyjny i przeznaczone s\u0105 wy\u0142\u0105cznie dla os\u00f3b zamieszkuj\u0105cych na sta\u0142e na terenie Miasta<br>Poznania w obr\u0119bie w\/w dzielnic w ramach danego programu.<\/li>\n\n\n\n<li>Zaj\u0119cia, festyny, turnieje i warsztaty odbywaj\u0105 si\u0119 w \u015bci\u015ble okre\u015blonych lokalizacjach, terminach i godzinach widniej\u0105cych w harmonogramie na stronie<br>internetowej danego programu.<\/li>\n\n\n\n<li>Zapisy na zaj\u0119cia, turnieje i warsztaty odbywaj\u0105 si\u0119 bezpo\u015brednio u os\u00f3b odpowiedzialnych za realizacj\u0119 danego typu aktywno\u015bci zgodnie z informacj\u0105 umieszczon\u0105<br>w harmonogramie dost\u0119pnym na stronie internetowej programu. O zakwalifikowaniu decyduje kolejno\u015b\u0107 zg\u0142osze\u0144. W razie wyczerpania limitu miejsc tworzona<br>jest lista rezerwowa. W razie zwolnienia si\u0119 miejsca osoby z listy rezerwowej maja pierwsze\u0144stwo uczestnictwa w danym typie aktywno\u015bci.<\/li>\n\n\n\n<li>Ka\u017cdy uczestnik zaj\u0119\u0107 sportowo \u2013 rekreacyjnych i turniej\u00f3w powinien posiada\u0107 wa\u017cne ubezpieczenie od Nast\u0119pstw Nieszcz\u0119\u015bliwych Wypadk\u00f3w (NNW) obejmuj\u0105ce<br>swym zakresem aktywno\u015b\u0107 sportowo \u2013 rekreacyjn\u0119 w ramach sportu.<\/li>\n\n\n\n<li>Ka\u017cdy uczestnik zaj\u0119\u0107 sportowo \u2013 rekreacyjnych i turniej\u00f3w powinien posiada\u0107 str\u00f3j sportowy dostosowany do warunk\u00f3w atmosferycznych i rodzaju danego typu<br>aktywno\u015bci.<\/li>\n\n\n\n<li>Ka\u017cdy uczestnik zaj\u0119\u0107 sportowo \u2013 rekreacyjnych, festyn\u00f3w, turniej\u00f3w i warsztat\u00f3w uczestniczy w danym typie aktywno\u015bci na w\u0142asne ryzyko zgodnie ze znajomo\u015bci\u0105<br>w\u0142asnych mo\u017cliwo\u015bci oraz ogranicze\u0144.<\/li>\n\n\n\n<li>Ka\u017cdy uczestnik zaj\u0119\u0107 sportowo \u2013 rekreacyjnych, festyn\u00f3w, turniej\u00f3w i warsztat\u00f3w zobowi\u0105zany jest do zachowania ostro\u017cno\u015bci w trakcie wykonywania danego<br>typu aktywno\u015bci.<\/li>\n\n\n\n<li>W zaj\u0119ciach sportowo \u2013 rekreacyjnych, festynach, turniejach i warsztatach nie mog\u0105 uczestniczy\u0107 osoby, kt\u00f3re maj\u0105 wyra\u017ane przeciwwskazania lekarskie do<br>danego typu aktywno\u015bci zwi\u0105zanego z wysi\u0142kiem fizycznym.<\/li>\n\n\n\n<li>W przypadku odniesienia urazu, kontuzji lub z\u0142ego samopoczucia uczestnik zaj\u0119\u0107 sportowo \u2013 rekreacyjnych, festyn\u00f3w, turniej\u00f3w i warsztat\u00f3w zobowi\u0105zany jest<br>natychmiast zg\u0142osi\u0107 si\u0119 do trenera lub instruktora celem poinformowania go o swojej dolegliwo\u015bci.<\/li>\n\n\n\n<li>Organizator nie ponosi jakiejkolwiek odpowiedzialno\u015bci za ewentualne negatywne nast\u0119pstwa dla zdrowia uczestnika zaj\u0119\u0107 sportowo \u2013 rekreacyjnych, festyn\u00f3w,<br>turniej\u00f3w i warsztat\u00f3w wynikaj\u0105ce z uczestnictwa w danym typie aktywno\u015bci.<\/li>\n\n\n\n<li>W razie niew\u0142a\u015bciwego zachowania uczestnika zaj\u0119\u0107 sportowo \u2013 rekreacyjnych, festyn\u00f3w, turniej\u00f3w i warsztat\u00f3w, w tym zachowania zagra\u017caj\u0105cego zdrowiu, \u017cyciu,<br>bezpiecze\u0144stwu swojego i innych uczestnik\u00f3w lub zachowania dezorganizuj\u0105ce i utrudniaj\u0105ce prowadzenie danego typu aktywno\u015bci, trener lub instruktor ma<br>prawo do wyci\u0105gni\u0119cia wobec niego konsekwencji obejmuj\u0105cych wykluczenie z zaj\u0119\u0107.<\/li>\n\n\n\n<li>Ka\u017cdy uczestnik zaj\u0119\u0107 sportowo \u2013 rekreacyjnych, festyn\u00f3w, turniej\u00f3w i warsztat\u00f3w zobowi\u0105zany jest dba\u0107 o dobry stan urz\u0105dze\u0144, udost\u0119pnianego sprz\u0119tu<br>sportowego oraz miejsca realizacji danego typu aktywno\u015bci. Za wszelkie szkody powsta\u0142e z winy uczestnika ponosi on pe\u0142n\u0105 odpowiedzialno\u015b\u0107 finansow\u0105.<\/li>\n\n\n\n<li>Podczas udzia\u0142u zaj\u0119ciach sportowo \u2013 rekreacyjnych, festynach, turniejach i warsztatach obowi\u0105zuje bezwzgl\u0119dny zakaz spo\u017cywania b\u0105d\u017a bycia pod wp\u0142ywem<br>alkoholu czy \u015brodk\u00f3w odurzaj\u0105cych oraz palenia tytoniu a uczestnik\u00f3w obowi\u0105zuje kultura osobista, a tak\u017ce bezwzgl\u0119dny zakaz u\u017cywania niecenzuralnych<br>wyraz\u00f3w.<\/li>\n\n\n\n<li>Organizator nie ponosi odpowiedzialno\u015bci za rzeczy pozostawione w szatniach oraz innych miejscach realizacji zaj\u0119\u0107 sportowo \u2013 rekreacyjnych, festyn\u00f3w,<br>turniej\u00f3w i warsztat\u00f3w.<\/li>\n\n\n\n<li>Organizator zastrzega sobie prawo do zmiany lokalizacji, terminu i godziny realizacji zaj\u0119\u0107 sportowo \u2013 rekreacyjnych, festyn\u00f3w, turniej\u00f3w i warsztat\u00f3w oraz<br>regulaminu danego programu o czym poinformuje za pomoc\u0105 dedykowanej strony internetowej.<\/li>\n\n\n\n<li>Organizator ma prawo do wykonywania zdj\u0119\u0107, film\u00f3w oraz innych materia\u0142\u00f3w, a uczestnictwo w zaj\u0119ciach sportowo \u2013 rekreacyjnych, festynach, turniejach i<br>warsztatach oraz pozosta\u0142ych wydarzeniach realizowanych w ramach danego programu jest jednoznaczne z wyra\u017ceniem zgody na: upublicznianie swojego<br>wizerunku przez organizatora na potrzeby promocji projektu, zgodnie z ustaw\u0105 z dnia 4 lutego 1994 r. o prawie autorskim i prawach pokrewnych (Dz. U. z 2000 r.,<br>Nr 80, poz. 904 ze zm.) oraz zgod\u0105 na przetwarzanie swoich danych osobowych zgodnie z ustaw\u0105 z dnia 29 sierpnia 1997 r. o ochronie danych osobowych (Dz. U.<br>1997 Nr 133 poz. 883) na potrzeby realizacji danego programu oraz w zakresie sprawozdawczo\u015bci.<\/li>\n\n\n\n<li>Ka\u017cdy uczestnik zaj\u0119\u0107 sportowo \u2013 rekreacyjnych, festyn\u00f3w, turniej\u00f3w i warsztat\u00f3w ma bezwzgl\u0119dny obowi\u0105zek stosowania si\u0119 do polece\u0144 wydawanych przez<br>trenera lub instruktora oraz zalece\u0144 G\u0142\u00f3wnego Inspektora Sanitarnego szczeg\u00f3lnie w zakresie profilaktyki przeciwdzia\u0142ania zaka\u017ceniom, bezpiecze\u0144stwa oraz zasad<br>post\u0119powania ze sprz\u0119tem sportowym.<\/li>\n\n\n\n<li>Ka\u017cdy uczestnik zaj\u0119\u0107 sportowo \u2013 rekreacyjnych, festyn\u00f3w, turniej\u00f3w i warsztat\u00f3w w przypadku zagro\u017cenia epidemiologicznego zobowi\u0105zany jest zdezynfekowa\u0107<br>d\u0142onie za pomoc\u0105 specjalnego \u015brodka dezynfekuj\u0105cego zapewnionego przez organizatora.<\/li>\n\n\n\n<li>Uczestnictwo w w zaj\u0119ciach sportowo \u2013 rekreacyjnych, festynach, turniejach i warsztatach jest jednoznaczne z bezwzgl\u0119dn\u0105 akceptacj\u0105 regulaminu.<\/li>\n<\/ol>\n\n\n\n<p><strong><a href=\"http:\/\/aktywny-poznan.pl\/wp-content\/uploads\/2025\/02\/Regulamin-uczestnika-zajec-sportowo-rekreacyjnych-turniejow-i-warsztatow.pdf\">Kliknij tutaj i pobierz regulamin!<\/a><\/strong><\/p>\n","protected":false},"excerpt":{"rendered":"<p>Kliknij tutaj i pobierz regulamin!<\/p>\n","protected":false},"author":1,"featured_media":0,"parent":0,"menu_order":0,"comment_status":"closed","ping_status":"closed","template":"wp-custom-template-fit","meta":{"footnotes":""},"class_list":["post-336","page","type-page","status-publish","hentry"],"_links":{"self":[{"href":"https:\/\/aktywny-poznan.pl\/index.php?rest_route=\/wp\/v2\/pages\/336","targetHints":{"allow":["GET"]}}],"collection":[{"href":"https:\/\/aktywny-poznan.pl\/index.php?rest_route=\/wp\/v2\/pages"}],"about":[{"href":"https:\/\/aktywny-poznan.pl\/index.php?rest_route=\/wp\/v2\/types\/page"}],"author":[{"embeddable":true,"href":"https:\/\/aktywny-poznan.pl\/index.php?rest_route=\/wp\/v2\/users\/1"}],"replies":[{"embeddable":true,"href":"https:\/\/aktywny-poznan.pl\/index.php?rest_route=%2Fwp%2Fv2%2Fcomments&post=336"}],"version-history":[{"count":5,"href":"https:\/\/aktywny-poznan.pl\/index.php?rest_route=\/wp\/v2\/pages\/336\/revisions"}],"predecessor-version":[{"id":1740,"href":"https:\/\/aktywny-poznan.pl\/index.php?rest_route=\/wp\/v2\/pages\/336\/revisions\/1740"}],"wp:attachment":[{"href":"https:\/\/aktywny-poznan.pl\/index.php?rest_route=%2Fwp%2Fv2%2Fmedia&parent=336"}],"curies":[{"name":"wp","href":"https:\/\/api.w.org\/{rel}","templated":true}]}}